3 + 2)) + 7 is divided by 6?
3
Let n be -1 + 2/(1*-2). Let y = 0 - n. Suppose 5*c - y*c = 45. What is the remainder when c is divided by 8?
7
Suppose 0 = 4*d - 16 + 8. Calculate the remainder when d is divided by 2.
0
Let v be (10 + -1)/(-3) - -9. Suppose -4*j + v*j - 96 = 0. Calculate the remainder when j is divided by 25.
23
Suppose 411 = 25*t - 22*t. What is the remainder when t is divided by 35?
32
Suppose 4*u + 5*m - 40 = 0, 0 = -u + 3*m + 2*m - 15. Let d = -9 - -16. Calculate the remainder when d is divided by u.
2
Suppose 0 = 3*c - m - 6, 6*c + 2*m = c + 10. Calculate the remainder when 4 is divided by c.
0
Let c(y) = y**3 + 6*y**2 + 7*y + 5. Let n be c(-5). Let p = 8 - n. Suppose -p = 2*w - 3*w. What is the remainder when 37 is divided by w?
11
Let a(c) = -c**3 - 2*c**2 + c. Let t be a(-3). What is the remainder when t*1/((-3)/(-18)) is divided by 19?
17
Let i(n) = 2*n**2 - 20*n + 25. Suppose 27 = 4*l - 69. What is the remainder when i(11) is divided by l?
23
Suppose 2*a + 3*v - 45 = 0, 2*a = -0*a - v + 35. What is the remainder when a is divided by 6?
3
Calculate the remainder when 284 is divided by 290/7 + (-9)/21.
38
Calculate the remainder when 5 + -2 + 4*2 is divided by 4.
3
Let x = 21 + 14. What is the remainder when x is divided by 19?
16
Let f(b) = 6*b - 8. Let v be f(8). Suppose 0 = -a + m + 21, -3*a + 23 = m - v. Suppose 7 = w - 4. What is the remainder when a is divided by w?
10
Suppose 78 = -3*q + 3*g, -6*q + 2*g = -q + 133. Let d be q/(-6)*(-16)/(-12). What is the remainder when 50 is divided by d/33 + (-141)/(-11)?
11
Suppose 4*g = -0*g - 4*x + 60, 2*g + 3*x = 34. Suppose -3*r + g = -13. What is the remainder when 21 is divided by r?
5
Let m(s) = s**2 - 9*s + 4. Calculate the remainder when 9 is divided by m(9).
1
Let h = 111 + -45. Suppose 2*f + k - 2 = 0, 4*f - 8 = -f - k. Suppose -h + 18 = -f*w. Calculate the remainder when w is divided by 13.
11
Suppose -n = -6*n + 210. Suppose -q - 2*q + n = 0. Suppose 0 = -y + 2*y - 8. Calculate the remainder when q is divided by y.
6
Suppose g + 39 = 14*g. Calculate the remainder when 16 is divided by g.
1
Let k be (6/4)/((-3)/(-8)). Suppose k*r = 2 + 10. Calculate the remainder when (-1)/(-1 + 7/8) is divided by r.
2
Let t = -20 + 33. Calculate the remainder when 37 is divided by t.
11
Suppose -4*d + 2*d = -68. Calculate the remainder when 99 is divided by d.
31
Let w = 8 - 14. Let t(z) be the third derivative of -z**4/8 - 2*z**3/3 - 6*z**2. What is the remainder when 40 is divided by t(w)?
12
Let u(m) = 8*m**3 - 4*m**2 + 3*m. Let i(k) = 2*k**2 + 3*k. Let l be i(-2). Calculate the remainder when u(l) is divided by 19.
16
What is the remainder when 30 is divided by 1/(-2 - (-115)/55)?
8
Calculate the remainder when 4 is divided by 7/3 + (-1)/(-3)*-1.
0
Let w(f) be the first derivative of 3 + 8*f + 1/2*f**2. Calculate the remainder when w(8) is divided by 6.
4
Let i(c) = -c - 5. Let z be i(-7). Suppose -5*h + 6*b = b - 50, -z*h + 18 = -3*b. What is the remainder when 23 is divided by h?
11
Let w be ((-2)/3)/(2/12). Calculate the remainder when (-2)/(w/50) + -3 is divided by 6.
4
Suppose -5*z = -3*s - 51, 6*z = z - 2*s + 66. What is the remainder when z is divided by 8?
4
Suppose 3*y - 15 = -a + 2, a = -5*y + 19. What is the remainder when 38 is divided by a?
10
What is the remainder when 65 is divided by (-2)/11 - (-1128)/33?
31
Let n(o) = o**2 + 10*o - 6. What is the remainder when 13 is divided by n(-11)?
3
Let q(i) = -i**2 + 28*i - 57. What is the remainder when 85 is divided by q(25)?
13
Let t(s) = -s**3 - 19*s**2 - 19*s - 8. Let n = -59 + 41. What is the remainder when (-201)/(-7) + 4/14 is divided by t(n)?
9
Let c = 25 - -1. What is the remainder when c is divided by -3 + (-6)/2 + 15?
8
Suppose 0 = -4*v - 0*v - 2*g + 296, -3*g = -2*v + 132. Let z = v - -2. Calculate the remainder when z is divided by 19.
17
Let v be ((-4)/(-3))/(4/6). Let b = 16 - 11. Suppose -2*l + 97 = v*l - 3*w, 5*w = b*l - 120. What is the remainder when l is divided by 13?
12
What is the remainder when (-44)/(-3) + (-12)/18 is divided by 5?
4
Let h = -5 - -7. Suppose -h*j - m = -9, 3*m + 26 - 3 = 4*j. Calculate the remainder when 17 is divided by j.
2
Calculate the remainder when 15 - (-3 - 1) - 0 is divided by 9.
1
Let m(z) = 28*z - 3. Suppose -3*s + 7 = 4*p - 17, 4*s = 2*p + 10. Suppose p*k + u = 41, -u = -5*k - 24 + 87. What is the remainder when m(1) is divided by k?
12
Let f = -5 + 8. Let h be (-1)/4 + f/(-4). What is the remainder when (-14)/(h + 5/7) is divided by 25?
24
Let j = 4 - 2. What is the remainder when (j - 2) + 55/5 is divided by 7?
4
Suppose -4 = -k - 1, 4*f + 4*k - 168 = 0. What is the remainder when 114 is divided by f?
36
Let q(f) = -4*f + 0*f**3 - 2 - 5 + f**3 - 1 + 7*f**2. What is the remainder when q(-7) is divided by 7?
6
Let b(k) = k**2 + 3*k - 4. Let l be b(-9). Suppose o - 5*p = l, 39 = o - p + 1. Let z = o - 20. Calculate the remainder when z is divided by 8.
7
Let y(k) = 3*k**2 + 7*k + 6. Calculate the remainder when 76 is divided by y(-4).
24
Let w = 95 - 55. Let f be 3 - 1/2*-2. Suppose f*x + 6*m = m + 52, -w = -3*x - 4*m. What is the remainder when x is divided by 5?
3
Let m(o) = o**3 - 10*o**2 + 14*o - 14. What is the remainder when m(9) is divided by 16?
15
Let z be (-1)/(0 + 1/(-74)). Let h = z - 47. Let s(o) = o**2 + 2*o - 1. Calculate the remainder when h is divided by s(3).
13
Calculate the remainder when 7 is divided by 12/15*10/4.
1
Let a(r) = 24*r - 2. Calculate the remainder when a(6) is divided by 12.
10
Let i(z) = 11*z**2 - 2*z - 1. Let t = -6 - -9. Suppose t = -4*p - 1. What is the remainder when 23 is divided by i(p)?
11
What is the remainder when 112 is divided by ((-145)/(-20))/((-3)/(-12))?
25
Let r = -1 + 4. Let q(p) = p**2 + p - 1. What is the remainder when 43 is divided by q(r)?
10
Suppose -51 = 5*n - i + 2*i, 0 = 4*n - 3*i + 56. Let a = n - -15. Let f = a - -3. Calculate the remainder when 13 is divided by f.
6
Suppose 15 = p - 19. Calculate the remainder when 168 is divided by p.
32
Suppose 0 = -4*x + 108 - 36. Suppose -x = -4*o - 2. Let c(i) = i**2 - 3*i + 1. What is the remainder when c(o) is divided by 2?
1
Suppose -2*t + 2 = 0, -4*i = 5*t - 71 + 10. Calculate the remainder when 165 is divided by i.
11
Let d(a) be the third derivative of a**5/60 + a**4/12 - a**3/6 - 8*a**2. What is the remainder when 44 is divided by d(-6)?
21
What is the remainder when 1/((3/(-1))/(-9)) is divided by 3?
0
Let x = 21 - 12. What is the remainder when 33 is divided by x?
6
Let a = 6 + 1. What is the remainder when (1 + -3)/((-1)/5) is divided by a?
3
Let j = -2 + 4. Calculate the remainder when 10 is divided by (-2)/(-2 - (-3)/j).
2
Let x be 3/2 - (-165)/(-10). Let y = x + 21. What is the remainder when 10 is divided by y?
4
Suppose 5*c + 6*g - 525 = 3*g, -5*c + 5*g = -525. Suppose 0 = 7*j - 2*j - c. What is the remainder when 82 is divided by j?
19
Suppose 3*s - 760 = 8*s. Let x be (2 - -1)/((-6)/s). Suppose -x = -3*q + q. Calculate the remainder when q is divided by 13.
12
Let c(d) = d**2 + 2*d + 1. Let h be c(-1). Suppose h = o - 6 - 22. Let w = 37 + -22. What is the remainder when o is divided by w?
13
Let j be (-8)/6*3/(-2). Calculate the remainder when j + 2*14 + 3 is divided by 12.
9
Let n(a) be the first derivative of a**3 - a**2/2 + a + 12. Suppose -4*m + 10 = 2. Calculate the remainder when 41 is divided by n(m).
8
Suppose 183 = 6*h - 45. Calculate the remainder when h is divided by (-1 - 9)/((-1)/2).
18
Let a = 32 - 11. Let u = -7 + a. What is the remainder when u is divided by 8?
6
Suppose -3*d + 34 = 3*s + d, 0 = -s + d + 16. Calculate the remainder when s is divided by 5.
4
Let a = 147 + -115. What is the remainder when 125 is divided by a?
29
Let a(t) = -t + 1. Suppose 5 = 2*c - 3*c. Let u be a(c). Suppose 0 = u*w - 5*w - 7. What is the remainder when w is divided by 3?
1
Suppose 2*t + 3*g - 60 = -3*t, -25 = 5*g. Suppose -t + 100 = -5*c. Let a = 42 + c. What is the remainder when a is divided by 14?
11
Suppose -10 = -2*z - 0*z. Suppose 0 = z*x - 38 - 27. What is the remainder when x is divided by 5?
3
Calculate the remainder when 145/6 + (-5)/30 is divided by 9.
6
What is the remainder when 21 + 1*(0 - 2) is divided by 4?
3
Suppose -3*b + 7*b + 